e -7*g - 18513 = 4*g. Suppose 2*d = -496 + 60. Let y = d - g. Is y composite?
True
Let x = -7149 + 374734. Is x composite?
True
Let v(m) be the third derivative of m**4/12 - 15*m**3/2 - 34*m**2. Let r be v(25). Let d(t) = 8*t**2 + 9*t + 6. Is d(r) composite?
False
Suppose 0 = -2*j + 2*d - 0*d + 2, -3*j + d = -13. Let t = 0 - 0. Suppose t - j = -3*i, 2*c = 3*i + 656. Is c a composite number?
False
Suppose 5*u + 0*j - 42898 = 4*j, 2*u - 5*j - 17166 = 0. Suppose 2*o - p + 5471 = 14051, -u = -2*o + 2*p. Is o a prime number?
False
Suppose l - 1495326 + 340337 = 0. Is l a composite number?
True
Let h(s) = 7*s + 8. Let v be h(-2). Let g be (3 + 4215/v)*-8. Suppose a - g = -3*a. Is a a prime number?
True
Let f be 16718/(-3)*9/(-6). Let j = f + -3942. Is j a prime number?
False
Suppose 5*f + 0*f + 439306 = 12*f. Is f composite?
True
Suppose -7*b = 2*z - 2*b - 152, 2*z + 3*b = 156. Let t = -71 + z. Is (563*2)/(1/(5/t)) a composite number?
False
Let o = 76 - 77. Let r be (-6450)/(-24) + o/(-4). Suppose -4*k - 1076 = -4*z, 3*k = z - 2*k - r. Is z composite?
False
Let i(t) = 2*t**2 - t. Let d be i(2). Is d/(-7) - 201278/(-98) composite?
False
Let n be -4 + 5 + -3 + (8 - -4). Suppose 2*j - 3*l = 204, -168 = 3*j + 2*l - 448. Is (j/(-20) - -4) + 7038/n a composite number?
True
Suppose -7*r + 12*r = -10. Let f be r - -267 - (-12)/4. Suppose 0 = x - 5*u - 280, -u + f = x - 2*u. Is x a composite number?
True
Let q = 266944 + 1043545. Is q composite?
False
Let o = -5003 - -45508. Is o a prime number?
False
Let o(j) = 7*j**2 - 5*j + 8. Let l(c) = -4*c**2 + 2*c - 4. Let f(a) = 5*l(a) + 3*o(a). Let i be f(4). Suppose w + 32 - 211 = i. Is w a prime number?
True
Let z = 73273 - 22071. Is z a composite number?
True
Let q = 14114907 - 6627488. Is q a prime number?
True
Suppose 2*a + 10 = -6. Let f(b) be the second derivative of -b**3 + 61*b**2/2 + 494*b. Is f(a) composite?
False
Let i = -952 - -3625. Let w(n) = 175*n - 6. Let p be w(-10). Let q = i + p. Is q a prime number?
False
Suppose -2*a + 5*b = 851, 5*a + 5*b - 284 + 2429 = 0. Let k = 1011 - a. Is k prime?
True
Suppose 5*k - 11 = t, -2*t - k - 4*k + 53 = 0. Let u = t + -10. Is u*(-1)/14 + 2818/14 a prime number?
False
Let t be (-36)/(-8) + 9/6 + -2. Suppose -r = 1 + t, 1185 = w - 4*r. Is w prime?
False
Let v = -682 - -1813. Let n = 6734 - v. Is n a composite number?
True
Let g(l) = 535*l - 5. Let w(r) = 1609*r - 16. Let v(q) = 10*g(q) - 3*w(q). Suppose 0*m + 3*m = 5*h - 41, 2*m + 39 = 5*h. Is v(h) composite?
False
Suppose 5*b + 3*d + 444 = 0, 4*b + 3*d = 4*d - 362. Is 5142/1 + 18/(b/(-25)) prime?
True
Suppose 4*m = -20, 4*m + 12 = 2*f - 8. Let p be (f - -1)/(-1*1/5). Is 14570/50 + (-1)/p*-2 prime?
False
Suppose -3*g + g + 204 = 0. Suppose 0*x = -3*x - g. Let h = x - -225. Is h composite?
False
Let o(q) be the second derivative of 161*q**3/2 + q**2/2 - 22*q. Let s be o(1). Let l = s - 149. Is l prime?
False
Is ((2 - -4176294)/4)/(14 - 12) prime?
True
Let b(x) = 46*x**2 + x - 4. Suppose -5*c - l = -76, -2*l = 1 - 3. Suppose c = 2*m + m. Is b(m) prime?
True
Suppose -25402 = 28*x - 4878. Is (1*x)/(4/(-5 + -3)) composite?
True
Suppose 2*n - 5*q - 7297 = 0, q + 0 = -1. Suppose -7*m = n - 377. Let k = m - -906. Is k a prime number?
True
Suppose 11*b = 63657 + 49742. Let w = 2982 + b. Is w a composite number?
False
Suppose -47*j - 234018 = -53*j. Is j prime?
False
Let g(s) be the third derivative of -s**6/120 - s**5/30 - s**4/4 - s**3 - 11*s**2. Let b be g(-2). Suppose -b*i - 2661 = -9*i. Is i a composite number?
False
Suppose 33 - 12 = 7*a. Suppose -j - 1470 = -4*x, -a*j = 2*j + 10. Is x prime?
True
Let d(k) = k**2 - 5*k - 4. Let c be d(6). Let y = -2520 - -6075. Suppose 5*i - c*g = y, 5*i - 3540 = -0*g - g. Is i a prime number?
True
Suppose -46*i = -4517220 + 3358707 - 7353649. Is i prime?
False
Let d(i) = 175296*i + 5431. Is d(38) prime?
True
Let l(r) = -r**2 - 13*r - 9. Let q be 2 - 1*(1 + 13). Let o be l(q). Suppose -4*m - m + 25 = 0, o*m = -5*k + 4580. Is k prime?
False
Suppose 4*a - 56544 = 4*h, -14974 - 27439 = -3*a - 2*h. Is a prime?
False
Let m(h) = 2332*h + 4189. Is m(52) a prime number?
True
Let t(m) = 125*m + 86. Let c be t(14). Suppose -4*s = -4*w + 6*w - c, 902 = 2*s - 3*w. Is s a prime number?
True
Let v(m) = 2536*m**2 - 56*m + 167. Is v(3) a composite number?
True
Suppose 0 = 5*l + 3*o - 147304, 11*l + 3*o = 9*l + 58927. Is l prime?
False
Suppose 0 = -3*l - 5*o + 99522, 2417*o + 165836 = 5*l + 2414*o. Is l a prime number?
False
Suppose -9*b + 3151118 = 4*d, -2*b - 3*d = -4*d - 700239. Is b prime?
False
Let r(o) = 65*o + 6. Let h(l) = -33*l - 4. Let p(b) = -11*h(b) - 6*r(b). Is p(-9) prime?
True
Let d(i) = -2*i**2 + 3*i - 1. Let z be d(4). Is (16503/(-4))/(z/28) prime?
True
Let k = -17 - -20. Suppose 4*m = 3*o + 1040, -m + 2*m - k*o = 260. Suppose -55*w = -59*w + m. Is w composite?
True
Let n = 43 + -22. Suppose -3*v = -k - k + n, -11 = -2*k + v. Suppose -k*j = -12, -5*l = 3*j - 8*j - 3345. Is l a prime number?
True
Is 7611714/28 - 68/(-952) a prime number?
False
Suppose 0 = d - 11*r + 7*r - 79962, d = -2*r + 79932. Is d a prime number?
False
Suppose 1234*m = 1346*m - 29872304. Is m a composite number?
True
Suppose -21*t - 129 = -1242. Is (t/(-4))/(1*1/(-148)) composite?
True
Suppose 0*g = -13*g + 1933711 + 111826. Is g prime?
True
Is ((-1)/5)/((-25)/1936625) a prime number?
True
Suppose 3*d - 14191 = -4*r, -2*d = -d - 1. Let g = 18 + -14. Suppose g*h = r - 1295. Is h composite?
False
Let j be (-3)/(((4/2)/1538)/1). Let w = -260 - j. Is w prime?
False
Let y be 3 + 12316/22 - (-6)/33. Let r = 1360 - y. Suppose 6*p + r = 2375. Is p a prime number?
True
Suppose 8*z - 4*z + 1936 = 0. Let w = z + 1739. Is w a prime number?
False
Suppose -3*i + 16 = d, 6*d = 2*d - 4*i + 40. Suppose -165 + 1411 = -d*k. Let p = -92 - k. Is p a prime number?
False
Suppose -52 = -4*r + 5*c, -r + 2*c = -2*r + 13. Let j be (r/(13/(-6)))/((-2)/20). Let h = 202 - j. Is h a prime number?
False
Suppose -21*g = -g + 260. Let b(r) = 11*r**2 - 9*r - 45. Is b(g) a prime number?
True
Let c(x) = -x**2 - 8*x + 83. Let p be c(38). Suppose -5*t + 2*t = -7230. Let q = t + p. Is q a composite number?
True
Suppose t + 3 = -12. Is (-1)/(3/t) + 3590 composite?
True
Let d(f) = 14*f + 3483. Let o be d(0). Suppose 0 = 7*h - 28094 - o. Is h prime?
False
Suppose -207863 = -u - z, -u + 4*z - 88083 = -295976. Is u a prime number?
True
Suppose 2*l = 4*l. Suppose l = -3*s + 8*s + 15, 0 = y + 2*s + 335. Let t = 870 + y. Is t prime?
True
Let x = 336080 + -217509. Is x a prime number?
True
Suppose 24*n = 2743210 + 3425726. Is n a composite number?
True
Let h(w) = 870*w - 9. Let f be h(-4). Let a = f + 6824. Suppose 23*s = 18*s + a. Is s composite?
True
Suppose -33*v - 121931 + 1197830 = 0. Is v composite?
False
Let a = -40 + 510. Let p(q) = -5*q - 28. Let x be p(-6). Suppose -x*l - 72 = -a. Is l a prime number?
True
Suppose 10*h = 69 + 51. Let v be (3*(-14)/h + 3)*-22. Suppose v*z = 2095 + 11028. Is z a composite number?
False
Let j be (-2*(-22)/33)/((-2)/9462). Let l = j + 13525. Is l prime?
False
Let s = 134 + -101. Suppose -8*z + 89339 = s*z. Is z a prime number?
True
Suppose -2*f - 4*i + 39953 = -17311, 2*f - 4*i = 57264. Suppose -70*w = -94*w + f. Is w composite?
False
Is -5*(3 + -2) - (-478230)/15 a prime number?
False
Let g be (-2 + -3)*-1 - -44. Suppose 58*m = g*m + 157455. Is m a prime number?
False
Let g(p) = 431*p**2 - 362*p + 58. Is g(33) composite?
True
Let a(t) = 5*t - 5. Let x be a(2). Suppose 1386 = 2*o - 4*y, -553 = -o - x*y + 154. Is o a composite number?
True
Let t be (22 - 0)*2/(-4). Let u(x) = 46*x - 143. Let l(c) = -17*c + 49. Let h(i) = 17*l(i) + 6*u(i). Is h(t) prime?
False
Suppose -6*l + 21*l - 615 = 0. Let t(d) = 202*d**2 + 3*d - 2. Let g be t(2). Let p = l + g. Is p a composite number?
False
Let p be 4 + 4 - (12 - 10). Suppose -278 = -p*a + 13468. Is a a prime number?
False
Let c = -232 + 236. Is 3 + (c/(-26) - 191596/(-13)) composite?
False
Let i(n) = -628*n**3 + 26*n**2 - 2*n - 23. Is i(-9) composite?
False
Let s(r) be the third derivative of -3*r**6/40 - r**5/15 + 47*r**4/24 - 23*r**3/6 + 3*r**2 - 17. Is s(-13) a prime number?
False
Let m = 5 + -3. Suppose 3*n + s - 56809 = 3883, -101155 = -5*n - m*s. Suppose -36*g = -33*g - n. I